ivided by 1?
0
Suppose -36*n + 64 = -34*n. Calculate the remainder when 159 is divided by n.
31
Suppose 3*v + v - 144 = 0. Let d = 51 - v. Let h = d + 1. What is the remainder when h is divided by 9?
7
Let j be 192/14 - (-8)/28. Suppose x = 3*s - 6*s + j, 34 = 3*x + 5*s. Let h = -4 - -7. What is the remainder when x is divided by h?
2
Let z be 1*(69 - 4/2). Suppose r - 56 = -5*p, 5*r - z = 5*p + 93. Calculate the remainder when 16 is divided by 6/r - (-53)/6.
7
Suppose -5*g - 3*u = -121 - 146, 2*g = u + 98. Let d = -33 + g. Calculate the remainder when 52 is divided by d.
16
Let f(s) = -s**2 + 3*s + 4. Let x be f(4). Suppose m - 7 = 4*l, x*m - 5*m + 16 = -l. Calculate the remainder when 4 is divided by m.
1
Let m(d) = 2*d + 12. What is the remainder when m(6) is divided by 13?
11
Suppose -5*j - s + 152 = 3*s, 3*j + 5*s = 86. Calculate the remainder when 157 is divided by j.
29
Suppose t = 5*w - 1 - 4, 4 = 4*w + 5*t. Let o be w - 3 - 1 - 12. Let j = -8 - o. Calculate the remainder when 27 is divided by j.
6
Suppose v + 4*v + 40 = 0. Let n(t) = 0 + t**2 + 7 + 0 + 6*t. What is the remainder when n(v) is divided by 8?
7
Suppose -h = -5*h - 32. Suppose 32 = 5*s + 102. Let n = h - s. Calculate the remainder when n is divided by 4.
2
What is the remainder when 15 + -1 - (10 + -7) is divided by 7?
4
Suppose -2*d - 115 = -7*d. Suppose -5*v + 57 = 17. Calculate the remainder when d is divided by v.
7
Suppose -5*s + 64 - 29 = 0. Suppose 5*c - 2*w + 3 = 12, 0 = -c - 3*w + 12. Suppose -q + 6 = c. Calculate the remainder when s is divided by q.
1
Suppose -5*i - 1 = 4*t, 3 = 5*t + 2*i - 0. Let a = 19 - t. Calculate the remainder when a is divided by 5.
3
Calculate the remainder when 4 is divided by 1 + 2 + (2 - 2).
1
Suppose 0 = -a - 5*u - 30, -84 = 3*a - 2*u + 57. Suppose -3*l = -2*i + 86, -3*i + 37 + 50 = -3*l. Let b = l - a. What is the remainder when 50 is divided by b?
16
Let m(g) be the second derivative of -g**4/12 + 7*g**3/6 + 4*g**2 + 2*g. Let h be m(9). What is the remainder when (-2)/5 - 284/h is divided by 10?
8
Let t(g) = g**2 + 3*g + 18. Calculate the remainder when t(-5) is divided by 15.
13
Suppose -5*h + 50 = -2*h + 2*v, -4*v - 80 = -4*h. Let k = h + -9. What is the remainder when 25 is divided by k?
7
Let b(u) = 3*u - 22. Let f be b(10). Let q(t) = t**2 - 5*t + 1. What is the remainder when q(5) is divided by 5/3 + f/(-12)?
0
Let m = 18 - 15. What is the remainder when 6 is divided by m?
0
Suppose -5*v = -5 - 10. Suppose -v*c - 54 = -147. Calculate the remainder when c is divided by 16.
15
Suppose 5*i - 3*g + 15 = -g, 21 = 4*i + 5*g. Calculate the remainder when 1/(-2*i/4) is divided by 1.
0
Let u(c) = -c**2 + 1. Let i(q) = 20*q**3 + 4*q**2 - q - 3. Let z(m) = i(m) + 3*u(m). What is the remainder when z(1) is divided by (0 - -3)/(36/132)?
9
Let t = 121 - 72. Calculate the remainder when 94 is divided by t.
45
Suppose -44 = 13*o - 15*o. Calculate the remainder when 43 is divided by o.
21
Suppose 4*v - 4*l - 8 = 0, -5*l = 2*v - l - 22. Suppose -o + 4 = 0, 3*k - v*o = 10 - 3. What is the remainder when 17 - (-1 - -5 - 3) is divided by k?
7
Let l = -36 + 51. Calculate the remainder when l is divided by 6.
3
Suppose 52 + 21 = y - 5*z, 0 = -3*y - 3*z + 237. Calculate the remainder when 75 is divided by (y/(-24))/(2/(-8)).
10
Suppose -c + 19 + 25 = 0. Suppose 2*i - 3 - 33 = -2*t, -3*i + 100 = 5*t. What is the remainder when c is divided by t?
21
Let t = -22 + 31. Suppose -3*q - v + 3*v + 41 = 0, v - 77 = -5*q. What is the remainder when q is divided by t?
6
Suppose 0 = -0*q + q - 2. Let o be -3*2*q/(-6). Suppose o*c = 6 + 4. What is the remainder when c is divided by 2?
1
Let i be 31 - 2/((-1)/(-1)). Let s = i + -20. Suppose 0 = -t + 26. Calculate the remainder when t is divided by s.
8
Let p = 12 - 5. Let z(n) = 5*n**2 - 7*n + 19. Calculate the remainder when z(2) is divided by p.
4
Let m = 6 + -10. Let v(c) = c**2 + 4*c - 2. Let y be v(m). Calculate the remainder when 30 + ((-4)/(-1))/y is divided by 10.
8
Let w(n) = n**2 - 4*n + 2. Let l = -1 - -5. Let k be w(l). Suppose k*y = 3*y - 6. What is the remainder when 17 is divided by y?
5
Let o(b) = -b + 17. Let p be 21 - (1 + (-2 - -1)). Suppose 0*g - g + p = 0. Calculate the remainder when g is divided by o(5).
9
Suppose -3*c + 5*r = -15, -2*c + 6*c = -2*r + 20. What is the remainder when c is divided by 4?
1
Let o = 12 + -3. Let i = o + 41. Suppose 0 = -3*a + 7*a - 52. Calculate the remainder when i is divided by a.
11
Let v(g) = 2*g**2 - 2*g + 2. Calculate the remainder when v(6) is divided by 13.
10
Let f = -46 + 67. Calculate the remainder when 81 is divided by f.
18
Suppose 3*o + 62 = c - 10, 16 = -4*o. Let k = 3 - -2. Suppose -k*z + c = -0*z. Calculate the remainder when 34 is divided by z.
10
Let o(t) = -t**2 + 3*t + 2. Let f be o(4). Let w = f + 53. What is the remainder when (-2)/8 + w/12 is divided by 3?
1
Suppose -48*c + 90 = -42*c. What is the remainder when 354/2*1/3 is divided by c?
14
Let k = -5 + 10. Let t(d) = -1. Let f(w) = -5*w - 2. Let g(j) = -f(j) - 4*t(j). Calculate the remainder when g(k) is divided by 16.
15
Calculate the remainder when -29*(-2 + 3 + -2) is divided by 10.
9
Let q(j) = -j + 3. Calculate the remainder when (-5)/(-10) + 70/4 is divided by q(-7).
8
Suppose -4*n = 5 - 25. Suppose 5*u = -h + 126, 0 = -5*u + n*h + 212 - 62. Calculate the remainder when u is divided by 7.
5
Let r = -140 + 215. Suppose -4*n + 6*n - r = i, -4*i - 4 = 0. Calculate the remainder when n is divided by 19.
18
Suppose -3*n = 5*q - 57, -4*n + 14 = 2*q - 6. What is the remainder when 22 is divided by q?
10
Suppose 3*c + 2*i = 6*i + 9, 3*c - 36 = -5*i. Let p = 4 - 0. Suppose 2*o + 27 = 5*v - 0*v, -p*v + 16 = 4*o. What is the remainder when c is divided by v?
2
Suppose 2*k = -2*k - 20, -4*u + 105 = -k. Let i = 34 + -20. Calculate the remainder when u is divided by i.
11
Suppose -z = 5*q - 45, 3*q + 5*z - 30 - 19 = 0. What is the remainder when 20 is divided by q?
4
Calculate the remainder when 172*((-8)/20 - 39/(-60)) is divided by 2/8 - 118/(-8).
13
Suppose -5*o - 5*u + 265 = 0, -2*o - u - 3*u = -100. Calculate the remainder when o is divided by 19.
18
Let f(s) = -s**2 + 9*s + 4. Let z be f(5). What is the remainder when 64 is divided by (-1)/((-1)/(-2 + z))?
20
Let n = -5 - -19. Calculate the remainder when 55 is divided by n.
13
Suppose -3*y + 6*y = -5*r - 4, -4*y = 4*r + 8. Suppose -5*u = 4*o - 145, -2*o + o + u + 25 = 0. Calculate the remainder when o is divided by (-4)/(y - (-15)/6).
6
Let j(l) = -l**3 + 4*l**2 - 3*l. Let w be j(3). Suppose 37 = -5*x + 4*c, -4*c = 2*x - w - 2. What is the remainder when 25 is divided by 138/15 + 1/x?
7
Let p = -43 + 56. Let g = 106 - 55. Calculate the remainder when g is divided by p.
12
Suppose -2*f + 16 = 2*f. Suppose -3*b - 140 = -5*y + 2*b, -f*y = 4*b - 80. Calculate the remainder when 2 is divided by (-4)/10 + y/10.
0
Let g be 1/(-2 - -1) - -21. Suppose 3*s - s - g = -4*y, y + 3*s = 0. Let r(l) = -l**3 - 6*l**2 - 2*l - 2. What is the remainder when r(-6) is divided by y?
4
What is the remainder when 37 is divided by (-1 - 5)/(-1)*(-24)/(-18)?
5
Suppose 6 = 2*c - f, f - 9 = -3*c - 2*f. Let h = 12 - c. What is the remainder when 16 is divided by h?
7
Let q be 1*7*(-48)/(-28). Let i = q - 4. What is the remainder when (-6)/(-8) - (-178)/i is divided by 12?
11
Let j(g) = 44*g**2 + 3*g. What is the remainder when j(-1) is divided by 17?
7
Suppose 0*c = 5*c. Suppose 0*p = -5*p - g + 90, c = 4*p - 3*g - 72. Suppose 2 = y - 2*z + 7, y + 3*z = 20. What is the remainder when p is divided by y?
3
Suppose -5*z = -2*f - 24, -3 = 2*z + f - 9. Let m(p) = p**2 + 5*p - 5. Let l be m(-6). Suppose 2*a = l + 5. Calculate the remainder when z is divided by a.
1
Let w = -13 + 18. Calculate the remainder when -1 + 0 + (-1 - -16) is divided by w.
4
Suppose 0 = 6*a - a. Suppose -v + 5*z + 270 = 4*v, -v + 2*z + 55 = a. Calculate the remainder when v is divided by 18.
17
Let u(a) = a**3 + 7*a**2 + 4. Let o be u(-7). Suppose 4*s + 0*j = 4*j + o, -2*j + 19 = 5*s. What is the remainder when 9 is divided by s?
0
Suppose -4*k = h - 7, -5*h - k + 0*k = -16. Calculate the remainder when 3 is divided by h.
0
Let w(q) = 7 + 7*q - 1 - 8*q + 13. What is the remainder when 75 is div